factors of k.
2, 5
List the prime factors of 92 - (8/(-10))/(10/25).
2, 47
Suppose 2*j + j - 171 = 0. What are the prime factors of j?
3, 19
Let h be (-6)/9 + 8/12. Suppose h = -4*t, -24 = -3*w - w - t. What are the prime factors of w?
2, 3
Suppose l - 5*h - 14 = -0*l, 26 = -3*l - 2*h. Let z = l - -13. List the prime factors of z.
7
Suppose 47 + 43 = 6*u. List the prime factors of u.
3, 5
Suppose -4*d + 5*d + 10 = 0. Let u = d + 13. What are the prime factors of u?
3
Suppose p - 61 = -4*n, 28 = 13*n - 11*n - 2*p. List the prime factors of n.
3, 5
Suppose -4*d + 193 + 173 = 3*t, 2*d - 360 = -3*t. List the prime factors of t.
2, 59
Suppose 3*p - 2*a - 189 = 0, 2*p + 2*a - 57 = 79. What are the prime factors of p?
5, 13
Suppose 4*f + 18 = 3*j, -3*f - 5*j - 22 = -f. Let r = 0 - f. Let p = r + -4. List the prime factors of p.
2
Suppose 0 = -y + 2*x + 8, -2*y - 4*x = y - 64. What are the prime factors of y?
2
Suppose -5*y = -q - 76 - 189, 83 = 2*y - 5*q. What are the prime factors of y?
2, 3
Suppose -9*k = -1364 - 688. List the prime factors of k.
2, 3, 19
Suppose -3*b + 8*b = 5. Let r be 1 + 1 + 0 + b. Suppose 2*u = -r*m + 23, -31 - 24 = -4*u + 3*m. List the prime factors of u.
13
Let v be (3 - 3)/((-6)/(-3)). Suppose -w - 16 = -5*b, -4*b - w + 8 + 12 = v. What are the prime factors of b?
2
Let l = -86 + 209. List the prime factors of l.
3, 41
Let b = 7 - 5. Let j(f) = 11 + f + f**b - f. What are the prime factors of j(0)?
11
Suppose 0*t + 56 = -2*t. Let v = 72 + t. What are the prime factors of v?
2, 11
Suppose -3*a + 5*o = -15, 3*o = 2*o. Suppose 0 = -2*g - 2*c + 42, 107 - 18 = a*g - 3*c. List the prime factors of g.
19
Let h be (-26)/(-6) - (-4)/(-12). Suppose 0 = -k + 4*x + 6, -k + 7*x = 4*x - h. Let b = 1 - k. What are the prime factors of b?
3
Let c = 18 + 59. List the prime factors of c.
7, 11
Let k = 84 - -76. What are the prime factors of k?
2, 5
Let a be -2 - -7*(-2 + 3). Suppose -30 + 10 = -a*m. Suppose 2*j - 12 = -4*f + 2, 0 = 4*f + m. List the prime factors of j.
3
Let l be 3/(-2)*(-152)/(-12). Let j = 62 + l. Suppose -4*w = -3*v - 0*v + 17, 5*v = 3*w + j. What are the prime factors of v?
11
Suppose -46 = -j - 13. List the prime factors of j.
3, 11
Suppose s + 4*s + y - 487 = 0, -3*y - 9 = 0. List the prime factors of s.
2, 7
Let s(l) = -6*l + 1. Let w be s(-3). Suppose -27 = d + v, 3*d - 2*v + 120 = w. Let u = d - -43. What are the prime factors of u?
2, 3
Let y(z) = 10*z + 5. List the prime factors of y(2).
5
Suppose 67 + 218 = 5*n. Let d = n + -24. List the prime factors of d.
3, 11
Suppose 30 = -2*o - 5*m, -5*o = -2*o + 5*m + 40. List the prime factors of (o/4 - -2)*-50.
5
Suppose 182 = 3*d - 31. What are the prime factors of d?
71
List the prime factors of ((-7)/(-14)*1)/(1/132).
2, 3, 11
List the prime factors of (-3 - (-27 - -2)) + -3.
19
Let l(t) = 2*t - 2. Let y be l(4). Suppose 5*m - p = y, p - 6*p = -20. Suppose m*w + 7 = 3*w. List the prime factors of w.
7
Let z(g) = -g**2 + 8*g + 2. Let c(x) = x**2 - 2*x - 3. Let w = 11 + -7. Let m be c(w). What are the prime factors of z(m)?
17
Let x(w) = 6*w + 10. Let f be x(12). Suppose n - 2*h - 11 - 7 = 0, 2*h + f = 5*n. List the prime factors of n.
2
Let l(q) = q**2 + 5*q - 8. Let m(v) = -v**3 - 6. Let a be m(0). Let p be l(a). List the prime factors of 1 + p + 0 - -14.
13
Let h = 8 - 6. Let x = h - -9. List the prime factors of x.
11
Let v(q) = -q**3 - q + 8. Let u be v(0). Let n = u - 7. Suppose x + 30 = 2*i - n, 4*i - 4*x = 72. What are the prime factors of i?
13
Let f(a) = a**2 - 3*a - 5. Let i be f(4). Let c(o) = o**2. Let g be c(i). List the prime factors of 8 + 0 - (g - -1).
2, 3
Let h = 67 - 32. Suppose h = 2*s + 3*s. What are the prime factors of s?
7
Let h be 54/15 - 2/(-5). Suppose -8*l + h*l = -16. What are the prime factors of l?
2
Let s(a) = a**3 - 7*a**2 + 8*a + 5. Let r be s(6). Suppose -2*c + l + 72 = 0, 5*c + 2*l - 182 = 5*l. Let b = c - r. What are the prime factors of b?
17
Let x(p) be the first derivative of -p**5/120 + p**4/12 - 2*p**3/3 - 3. Let a(u) be the third derivative of x(u). List the prime factors of a(-9).
11
Let c be -6*(-2 + 9/6). Suppose -a + 4*a - 18 = c*b, -b = 2*a - 9. List the prime factors of a.
5
Let o(r) = r**3 + 5*r**2 - r + 7. List the prime factors of o(-4).
3
Suppose 2*q - 180 = -2*q. What are the prime factors of q?
3, 5
Suppose 4*g = 2*y - 12, -g = 3*y - 2 - 9. Suppose -3*i + 2*n = -0*i, y*i = n. Suppose i = -5*j + 25, 4*a + 5*j - 3*j - 30 = 0. List the prime factors of a.
5
Let k(w) = -3*w - 4. What are the prime factors of k(-2)?
2
Suppose -n - 1 = -2. Suppose 0 = f + 2*a + 10, 0 = 5*f - 7*a + 3*a + 8. Let c = n - f. What are the prime factors of c?
5
Let k be (2/(-3))/((-2)/60). Suppose 4*c - 4*q - q = 4, 0 = 4*c - q - k. What are the prime factors of c?
2, 3
Let d = 28 + 57. Suppose -j = 4*j - d. What are the prime factors of j?
17
Let q(y) = -21*y - 3. Let o be q(3). Let n = -33 - o. What are the prime factors of n?
3, 11
Let j = 16 + -19. List the prime factors of 12/(j/(-8)*1).
2
Let f(m) = m**2 - 18*m - 33. What are the prime factors of f(29)?
2, 11, 13
Let p(n) = n**2 + 10*n + 14. What are the prime factors of p(-10)?
2, 7
Let q(i) = -4*i - 1. Let o be q(1). Suppose 2*c + 8 = 28. Let s = o + c. What are the prime factors of s?
5
Suppose 3*a - 16 = -1, 0 = 5*b + 4*a + 5. What are the prime factors of 25/2*(-4)/b?
2, 5
Let p = 1 - -2. Suppose -o - 42 = -3*u, -p*o = -u - 2*o + 12. Suppose -4*r + 47 = u. List the prime factors of r.
2
Let t be (4 - 5)*(-4 - 0). Suppose 5*h - 3*h = -3*c + 9, -t*c = -4*h - 12. What are the prime factors of c?
3
Suppose -5*z + 2*t - 6 = -0, -3 = 5*z - t. Suppose z*y = 3*y - 105. What are the prime factors of y?
5, 7
Suppose 2 = -o + 6. Suppose -o*u + 9*u = -5. List the prime factors of (15/(-10))/(u/2).
3
What are the prime factors of 2/3*(-747)/(-6)?
83
Suppose 5*k + 2*q = -2*q + 1248, -4*q = -5*k + 1272. List the prime factors of k.
2, 3, 7
Let p = -4 - 1. List the prime factors of 3 + (p + 3)/2.
2
List the prime factors of 27*(0 - (-1)/1).
3
Let p be (5 + 1)/2 - -42. Let x = p + -23. What are the prime factors of x?
2, 11
Let v = -26 - -68. What are the prime factors of v?
2, 3, 7
Suppose -4*q - 58 = -6*q. What are the prime factors of q?
29
Let a be 1/(3*3/18). Let v = a + 3. Suppose 0 = 5*b - 5, -5*u + v*b = b - 51. List the prime factors of u.
11
Suppose 0 = -2*k + 4 + 6. Suppose 5*y = -3*m - 25, 0*m = k*y - 5*m - 15. List the prime factors of y*((-75)/(-6))/(-5).
5
Let x(z) = -z - 1. Let j(y) = -y**2 + 5*y - 5. Let f(p) = j(p) - 2*x(p). List the prime factors of f(6).
3
Let q(c) = -c**3 - 4*c**2 - 2*c - 7. Let u be q(-6). What are the prime factors of 7*1*198/u?
2, 3
Let y be -3*((-2)/2 - 2). Let s be 2*(y/6 + 0). Let z(b) = -b**2 + 5*b - 3. What are the prime factors of z(s)?
3
Let c(i) = -i**2 - 3. Let g be c(0). Let v be -3 - (-7)/1 - g. Suppose 2*s - v = 9. List the prime factors of s.
2
Let k(r) = r - 1. Let b be k(6). Suppose b*g + 12 = 42. List the prime factors of g.
2, 3
Suppose 4*m = -4*t, 4*m + m = -2*t - 6. Let w = 5 - t. What are the prime factors of w?
3
Let u be -8 + 11 - (-43)/(-1). Let l = -6 - u. List the prime factors of l.
2, 17
Let o(m) = -m**2 + 13*m**2 + 0 - 1. List the prime factors of o(1).
11
Suppose 4*d - 6*d = 4. What are the prime factors of d*(-3)/(-2)*-12?
2, 3
Let t(j) = 4*j - 17. Let l be (-1)/2*(-1 - 25). List the prime factors of t(l).
5, 7
Let h = -3 + 4. Let v be (-11)/h - (-1 + 0). What are the prime factors of (1 + -2)/(1/v)?
2, 5
Let q = -78 + 176. List the prime factors of q.
2, 7
Let r(v) = -2*v**3 - v**2. Let y be r(1). Let o = 0 - y. What are the prime factors of o?
3
Suppose -17*v + 19*v = 178. What are the prime factors of v?
89
Let t(j) be the third derivative of -j**4/12 + 11*j**3/6 + 6*j**2. What are the prime factors of t(-9)?
29
Suppose -u = 4*u - 20, -j + 3*u = 9. Let s(k) = -2 + 0*k + j - k. What are the prime factors of s(-7)?
2
Let q(h) = -8*h - 2. Let j(w) = -w + 3. Let v be j(5). What are the prime factors of q(v)?
2, 7
Suppose -10 = -3*p + 14. What are the prime factors of p?
2
Let q be 2/(-5) + (-116)/10. Let k = q + 32. List the prime factors of k.
2, 5
Let x be 1692/48 - 2/8. List the prime factors of 2 + (x - (6 - 2)).
3, 11
Let